 the prime factors of 3238614873.
3, 13, 53, 174091
What are the prime factors of 55624436?
2, 7, 29, 61, 1123
What are the prime factors of 88621397?
229, 386993
List the prime factors of 3607535850.
2, 3, 5, 149, 161411
What are the prime factors of 7399530935?
5, 35363, 41849
List the prime factors of 113737928.
2, 14217241
What are the prime factors of 25661461?
7, 37, 99079
What are the prime factors of 970071156?
2, 3, 59, 7741
List the prime factors of 2090870625.
3, 5, 1115131
What are the prime factors of 126873489?
3, 73, 579331
What are the prime factors of 1176933536?
2, 41, 897053
What are the prime factors of 205434649?
7, 29347807
What are the prime factors of 521976024?
2, 3, 17, 61, 6991
What are the prime factors of 151249149?
3, 47, 357563
List the prime factors of 4106492175.
3, 5, 37, 1479817
What are the prime factors of 6224693324?
2, 3089, 503779
List the prime factors of 962641987.
37, 26017351
What are the prime factors of 3017556071?
3017556071
What are the prime factors of 326227848?
2, 3, 83, 389, 421
What are the prime factors of 671188881?
3, 11, 97, 307, 683
List the prime factors of 1119390882.
2, 3, 113, 1651019
What are the prime factors of 254204858?
2, 47, 1361, 1987
What are the prime factors of 45099700?
2, 5, 450997
What are the prime factors of 65955225?
3, 5, 7, 131, 137
List the prime factors of 798233296.
2, 7, 7127083
List the prime factors of 282209431.
7, 179, 225227
What are the prime factors of 331557277?
19, 953, 18311
What are the prime factors of 61876?
2, 31, 499
What are the prime factors of 693129471?
3, 231043157
What are the prime factors of 274969749?
3, 91656583
What are the prime factors of 1612605450?
2, 3, 5, 10750703
What are the prime factors of 380777780?
2, 5, 163, 116803
List the prime factors of 534821979.
3, 178273993
What are the prime factors of 9057359?
9057359
List the prime factors of 1128182972.
2, 7, 40292249
What are the prime factors of 558586421?
558586421
List the prime factors of 908556406.
2, 79, 149, 38593
List the prime factors of 10382843.
10382843
List the prime factors of 2229182503.
31, 71909113
What are the prime factors of 192659129?
13, 1283, 11551
What are the prime factors of 101418195?
3, 5, 6761213
What are the prime factors of 1145820361?
7, 23384089
What are the prime factors of 228990942?
2, 3, 673, 6301
List the prime factors of 393992328.
2, 3, 397, 41351
What are the prime factors of 40371904?
2, 353, 1787
What are the prime factors of 73325101?
127, 577363
List the prime factors of 624156719.
624156719
List the prime factors of 1313455480.
2, 5, 23, 139, 10271
List the prime factors of 5604735.
3, 5, 373649
What are the prime factors of 8811019?
7, 1258717
List the prime factors of 711932929.
379, 1878451
List the prime factors of 3615917086.
2, 6917, 261379
What are the prime factors of 77546840?
2, 5, 7, 276953
List the prime factors of 467387113.
29, 16116797
What are the prime factors of 359077245?
3, 5, 59, 151, 2687
List the prime factors of 53269970.
2, 5, 13, 409769
What are the prime factors of 70941170?
2, 5, 17, 61, 6841
What are the prime factors of 901908962?
2, 450954481
List the prime factors of 1190979118.
2, 7, 83, 1024939
List the prime factors of 76829824.
2, 600233
What are the prime factors of 21435749?
937, 22877
What are the prime factors of 52850696?
2, 71, 93047
What are the prime factors of 620656817?
11, 23, 101, 107, 227
What are the prime factors of 187849920?
2, 3, 5, 195677
List the prime factors of 19069639.
47, 151, 2687
List the prime factors of 49318926.
2, 3, 59, 127, 1097
List the prime factors of 170855284.
2, 42713821
What are the prime factors of 42334681?
6329, 6689
What are the prime factors of 511984782?
2, 3, 89, 319591
What are the prime factors of 1149437496?
2, 3, 47893229
What are the prime factors of 51899010?
2, 3, 5, 227, 7621
What are the prime factors of 31163210?
2, 5, 13, 17, 59, 239
What are the prime factors of 97118631?
3, 53, 97, 2099
List the prime factors of 20345117.
13, 1565009
What are the prime factors of 88548882?
2, 3, 83, 269, 661
What are the prime factors of 154981778?
2, 7, 443, 24989
List the prime factors of 17423535.
3, 5, 23, 50503
What are the prime factors of 567013649?
7451, 76099
What are the prime factors of 651610335?
3, 5, 41, 367, 2887
List the prime factors of 3830726045.
5, 103, 307, 24229
What are the prime factors of 101806026?
2, 3, 7, 43, 8053
List the prime factors of 1272083913.
3, 47114219
What are the prime factors of 2791963095?
3, 5, 79, 173, 13619
What are the prime factors of 110487922?
2, 55243961
What are the prime factors of 125732214?
2, 3, 23, 269, 1129
What are the prime factors of 9787443?
3, 23, 83, 1709
List the prime factors of 2372135.
5, 67, 73, 97
List the prime factors of 98434533.
3, 97, 338263
List the prime factors of 2147906155.
5, 41, 255551
What are the prime factors of 922715258?
2, 2273, 202973
What are the prime factors of 102522607?
11, 659, 14143
List the prime factors of 116264015.
5, 7, 474547
List the prime factors of 187435702.
2, 409, 229139
What are the prime factors of 1242021106?
2, 29, 37, 449, 1289
List the prime factors of 209720680.
2, 5, 13, 403309
What are the prime factors of 30350745?
3, 5, 674461
List the prime factors of 342602255.
5, 68520451
What are the prime factors of 73928488?
2, 137, 67453
List the prime factors of 349749586.
2, 174874793
What are the prime factors of 19038997?
17, 349, 3209
What are the prime factors of 18512358?
2, 3, 37, 83389
What are the prime factors of 468577790?
2, 5, 46857779
What are the prime factors of 740483204?
2, 89, 2080009
List the prime factors of 59861190.
2, 3, 5, 37, 199, 271
What are the prime factors of 288078043?
11, 173, 151381
What are the prime factors of 200764103?
281, 714463
What are the prime factors of 41362154?
2, 53, 390209
List the prime factors of 2441531172.
2, 3, 203460931
What are the prime factors of 2947279479?
3, 982426493
What are the prime factors of 17432243?
43, 405401
List the prime factors of 1108221053.
1108221053
What are the prime factors of 1361133919?
239, 569, 10009
What are the prime factors of 1983331188?
2, 3, 19, 163, 17789
What are the prime factors of 158030730?
2, 3, 5, 11, 13, 4093
List the prime factors of 64114737.
3, 29, 736951
List the prime factors of 1577575871.
19, 83030309
List the prime factors of 450299243.
450299243
List the prime factors of 3080960294.
2, 59, 67, 389699
What are the prime factors of 644649113?
37, 2213, 7873
What are the prime factors of 100590757?
317, 317321
What are the prime factors of 291559944?
2, 3, 13, 934487
List the prime factors of 180037731.
3, 60012577
What are the prime factors of 188578670?
2, 5, 7, 97, 27773
List the prime factors of 1039465601.
1039465601
What are the prime factors of 74750182?
2, 13, 2875007
What are the prime factors of 220288293?
3, 613, 39929
What are the prime factors of 1822583590?
2, 5, 29, 151, 41621
List the prime factors of 5207659068.
2, 3, 149, 2912561
What are the prime factors of 47115254?
2, 3067, 7681
What are the prime factors of 515901348?
2, 3, 14330593
What are the prime factors of 537902239?
7, 76843177
List the prime factors of 235687058.
2, 19, 6202291
What are the prime factors of 2272876086?
2, 3, 13, 29139437
List the prime factors of 1302624156.
2, 3, 149, 728537
What are the prime factors of 45278939?
17, 2663467
List the prime factors of 3877225084.
2, 71, 1013, 13477
What are the prime factors of 43179388?
2, 7, 17, 12959
What are the prime factors of 33795503?
7, 53, 71, 1283
What are the prime factors of 125133702?
2, 3, 17, 1226801
What are the prime factors of 691677527?
71, 9741937
List the prime factors of 1125516719.
67, 16798757
What are the prime factors of 55532708?
2, 7, 11, 37, 443
What are the prime factors of 31288077?
3, 3476453
List the prime factors of 403626150.
2, 3, 5, 896947
What are the prime factors of 48829434?
2, 3, 8138239
What are the prime factors of 3429210684?
2, 3, 701, 407657
List the prime factors of 47609734.
2, 97, 245411
What are the prime factors of 3034253456?
2, 13, 3533, 4129
What are the prime factors of 2590302164?
2, 47, 113, 121931
List the prime factors of 113918202.
2, 3, 6328789
